etermine t(-6).
223
Let z(w) = -2*w**2 + 1984*w - 79836. Calculate z(42).
-36
Let p(g) = -2*g**2 + 99. Calculate p(0).
99
Let j(g) = 16*g + 678. Give j(-36).
102
Let n(k) = -23*k**2 - 936*k - 5512. Give n(-6).
-724
Let r(a) = a**3 + 26*a**2 + 69*a - 59. What is r(-22)?
359
Let o(l) = 34*l**2 - 243*l + 1291. Determine o(5).
926
Let q(g) = -3*g**2 + 1586*g + 16187. Determine q(-10).
27
Let s(p) = 7*p**2 + 1340*p - 13316. Determine s(10).
784
Let w(o) = o**3 + 132*o**2 - 151*o - 141734. Determine w(-124).
-2
Let k(p) = -p**3 + 118*p**2 + 719*p - 57471. Calculate k(120).
9
Let w(n) = -8*n**2 - 11*n + 2817. Determine w(18).
27
Let w(a) = a**3 - 126*a**2 - 2767*a + 1642. What is w(145)?
-98
Let y(l) = -92739*l - 92547. Give y(-1).
192
Let d(k) = k**2 - 1160*k + 20547. Give d(18).
-9
Let t(a) = 87384*a + 1048598. Calculate t(-12).
-10
Let b(g) = g**3 - 89*g**2 + 581*g + 4005. Calculate b(81).
-1422
Let b(v) = 248*v**3 - 251*v**2 + 262*v - 10. What is b(1)?
249
Let l(z) = 30*z**2 - 23*z + 49. Give l(6).
991
Let c(k) = -14*k**2 + 213*k + 3089. Determine c(-13).
-2046
Let o(t) = 560*t - 21930. Determine o(39).
-90
Let w(n) = 6*n**2 - 208*n - 1196. Give w(-12).
2164
Let c(j) = -7*j**2 + 318*j + 10201. Calculate c(-26).
-2799
Let z(g) = -48630*g - 1896572. Calculate z(-39).
-2
Let y(r) = 343*r - 7420. What is y(22)?
126
Let i(q) = q**3 + 25*q**2 - 216*q + 210. Determine i(-32).
-46
Let o(u) = 5*u**3 - 4*u**2 + 197*u - 638. Determine o(3).
52
Let x(d) = -38076*d + 647341. Give x(17).
49
Let i(o) = -32*o**2 - 5882*o - 11772. Determine i(-2).
-136
Let p(l) = -124*l**3 + 37*l**2 + 34*l - 194. Determine p(-3).
3385
Let w(l) = -6*l**2 - 9035*l - 265649. Determine w(-30).
1
Let h(o) = 1459*o - 379331. What is h(260)?
9
Let f(v) = -v**3 - 24*v**2 + 14*v - 1. Determine f(0).
-1
Let a(b) = b**2 + 33*b - 207. Determine a(17).
643
Let i(a) = -33826*a + 236778. Give i(7).
-4
Let k(y) = -62*y - 14255. Give k(-236).
377
Let r(z) = -6*z**2 - 61*z + 444. What is r(0)?
444
Let j(g) = 427*g**2 - 880*g - 877. Calculate j(-1).
430
Let u(t) = -173883*t + 2434370. What is u(14)?
8
Let s(h) = -54701*h + 437549. Calculate s(8).
-59
Let p(k) = -7270*k + 181566. Calculate p(25).
-184
Let l(o) = -o**3 - 211*o**2 + 509*o - 28398. What is l(-214)?
64
Let n(s) = -525*s - 46100. Calculate n(-87).
-425
Let z(a) = -3*a**2 + 1071*a - 14340. What is z(14)?
66
Let w(n) = 93513*n + 32729555. Determine w(-350).
5
Let i(s) = s**3 + 5*s**2 + 35*s - 38. Give i(-7).
-381
Let k(s) = 42612*s - 127419. Calculate k(3).
417
Let k(u) = -517*u + 2637. Determine k(11).
-3050
Let x(s) = s**3 + 162*s**2 + 165*s + 602. Give x(-161).
-42
Let k(p) = -77*p**2 - 1048*p - 3152. Give k(-3).
-701
Let w(n) = -n**2 - 69*n - 770. What is w(-14)?
0
Let u(i) = -i**3 - 15*i**2 + 8433*i + 109964. Determine u(-13).
-3
Let f(a) = -2*a**2 + 660*a - 5076. Determine f(8).
76
Let m(o) = 104*o**2 + 13*o - 3. Calculate m(2).
439
Let f(c) = 3*c**3 - 414*c**2 + 444*c - 3556. Give f(137).
965
Let v(w) = -w**3 + 9*w**2 + 73*w + 63. Calculate v(11).
624
Let b(j) = 2*j**3 - 37*j**2 - 339*j + 6195. Determine b(19).
115
Let f(s) = 2*s**3 + 25*s**2 - 4999*s - 25359. Calculate f(-5).
11
Let t(m) = m**3 + 332*m**2 - 987*m + 6021. Determine t(-335).
-9
Let r(h) = 3406*h - 228454. Calculate r(67).
-252
Let d(u) = -u**2 + 1436*u - 230301. Give d(184).
67
Let v(y) = -49*y - 129. What is v(-5)?
116
Let o(s) = 2*s**2 - 285*s - 17753. What is o(-47)?
60
Let s(q) = -q**3 - 8*q**2 - 106*q - 216. Calculate s(-5).
239
Let f(y) = 2*y**3 - 91*y**2 + 41*y + 446. Give f(45).
266
Let v(n) = -4*n**3 + 16*n**2 + 1432*n - 94. Give v(21).
-10
Let l(s) = -231590*s + 5789751. What is l(25)?
1
Let b(p) = 2*p**3 + 462*p**2 - 433*p + 7088. Determine b(-232).
-104
Let r(z) = 82728*z + 1737272. Give r(-21).
-16
Let v(s) = 266*s + 4491. What is v(-17)?
-31
Let c(y) = -17*y**2 + 698*y - 452. Calculate c(39).
913
Let o(r) = -16*r**3 - 1772*r**2 + 441*r - 225. Calculate o(-111).
108
Let t(d) = -349*d**2 + 60*d - 416. What is t(4)?
-5760
Let t(v) = 300*v**3 - 11*v**2 + 15*v - 3. What is t(1)?
301
Let d(i) = i**2 - 142*i - 32174. Calculate d(264).
34
Let s(a) = -7*a**2 - 75*a - 963. What is s(-16)?
-1555
Let t(l) = 4*l**3 + 77*l**2 - 418*l - 48. Determine t(6).
1080
Let r(m) = 12*m**2 + 292*m + 17. Determine r(-21).
-823
Let t(r) = 61667*r - 61683. What is t(1)?
-16
Let c(x) = -x**3 - 59*x**2 - 163*x + 263. What is c(-56)?
-17
Let o(x) = 19*x**2 - 56*x - 304. Determine o(-6).
716
Let p(f) = -12*f**2 + 4789*f + 9260. Determine p(401).
37
Let p(v) = 65*v**2 - 9287*v + 17201. Give p(141).
-1
Let p(t) = 2*t**3 + 7*t**2 - 557*t - 3253. Calculate p(-6).
-91
Let x(u) = -3177*u - 22250. Calculate x(-7).
-11
Let i(u) = -2*u**3 + 90*u**2 + 864*u - 931. What is i(53)?
-83
Let h(d) = -d**2 + 4095*d + 1370237. Calculate h(-311).
-29
Let i(q) = 3*q**2 - 1159*q - 50701. What is i(426)?
-7
Let m(o) = -35*o**2 + 10807*o - 43240. Determine m(4).
-572
Let s(m) = -2*m**2 + 192*m + 38280. Give s(194).
256
Let v(h) = -3*h**3 + 2*h**2 - 52*h + 278. Determine v(4).
-90
Let u(l) = 508*l + 74066. Give u(-146).
-102
Let b(x) = 851*x - 3594. What is b(5)?
661
Let l(t) = -3*t**2 + 53118*t + 744242. Give l(-14).
2
Let k(q) = q**3 + 959*q**2 - 9686*q - 23. Calculate k(10).
17
Let x(m) = m**3 - 58*m**2 - 376*m - 152. Calculate x(64).
360
Let h(b) = b**2 + 9203*b - 46046. What is h(5)?
-6
Let b(k) = k**3 - 129*k**2 - 21272*k - 1833. What is b(224)?
-41
Let g(t) = 2*t**3 + 247*t**2 + 372*t + 640. Give g(-122).
-92
Let x(y) = -978742*y + 6851153. Determine x(7).
-41
Let u(q) = -107*q**2 - 632*q + 150. Calculate u(-6).
90
Let x(n) = -2*n**2 + 37*n + 2975. Determine x(49).
-14
Let m(f) = -2*f**3 - 2*f**2 + 6*f - 97. Determine m(-6).
227
Let g(c) = -c**2 - 10409*c + 62469. Give g(6).
-21
Let b(y) = -4*y**3 + 53*y**2 - 228*y + 14. Determine b(9).
-661
Let h(n) = 570*n - 54. Give h(0).
-54
Let n(s) = s**3 + 60*s**2 - 711*s + 122. Calculate n(-70).
892
Let i(w) = 22131*w**2 - 354093*w - 29. Give i(16).
19
Let w(j) = 15*j**3 + 28*j**2 - 699*j + 679. What is w(1)?
23
Let m(a) = 2*a**3 + 55*a**2 + 49*a + 4218. Determine m(-29).
274
Let f(b) = -159505*b + 56305260. Give f(353).
-5
Let i(r) = 3*r**2 + 184*r - 7437. Determine i(32).
1523
Let g(y) = -13*y**2 - 508*y - 332. Give g(-39).
-293
Let g(a) = a**2 + 84*a + 61. What is g(-82)?
-103
Let t(f) = -f**3 - 163*f**2 + 68*f + 9867. Determine t(-163).
-1217
Let a(l) = 5640*l - 22299. Calculate a(4).
261
Let a(m) = m**2 - 588*m + 5266. Calculate a(9).
55
Let y(k) = -4093*k - 1191044. Calculate y(-291).
19
Let x(p) = 5769*p + 5543. Determine x(-1).
-226
Let f(v) = 6434*v - 58320. Give f(9).
-414
Let f(b) = -11249*b + 11348. Calculate f(1).
99
Let t(k) = -k**2 - 77*k - 109. What is t(-61)?
867
Let b(v) = -v**3 + 449*v**2 - 1338*v - 25. Determine b(446).
-25
Let a(y) = y**2 + 448*y + 42595. What is a(-311)?
-12
Let h(n) = 216*n**2 + 17*n - 10. Calculate h(0).
-10
Let y(j) = 20*j**3 - 2047*j**2 - 3423*j - 943. Determine y(104).
-7
Let h(v) = 3*v**3 - 5*v**2 - 228*v + 1736. What is h(8)?
1128
Let k(c) = 8892*c - 15113. Determine k(2).
2671
Let d(u) = -2*u**2 - 406*u - 8939. Determine d(-24).
-347
Let m(j) = j**2 - 7396*j + 125440. Determine m(17).
-3
Let x(c) = -60*c + 12415. Calculate x(200).
415
Let f(p) = -p**2 - 42*p + 191396. What is f(417)?
-7
Let s(o) = -5759*o - 4376845. What is s(-760)?
-5
Let r(t) = -t**3 - 9*t**2 + 1743*t + 20574. Determine r(-12).
90
Let p(a) = 3*a**3 - 47*a**2 + 804*a - 16740. Determine p(18).
0
Let t(n) = n**2 + 103*n + 1296. Determine t(-14).
50
Let c(u) = 1234*u + 1341. Determine c(-1).
107
Let y(m) = 79140*m - 474861. Calculate y(6).
-21
Let h(i) = -9*i**3 + 538*i**2 + 5028*i + 297. Give h(68).
25
Let k(s) = -s**3 - 172*s**2 + 132*s - 7097. Determine k(-173).
-4
Let m(p) = 2800*p - 86. What is m(0)?
-86
Let d(s) = 10*s**2 + 758*s - 588. What is d(-79)?
1940
Let i(s) = 2211*s - 2192. Determine i(1).
19
Let j(u) = -115*u + 48177. What is j(419)?
-8
Let b(q) = 1799*q - 86136. What is b(48)?
216
Let z(q) = 6*q**3 + 623*q**2 - 721*q + 1459. What is z(-105)?
-11
Let w(g) = -g**2 - 140*g - 2541. Determine w(-128).
-1005
Let g(u) = 2*u**3 + 226*u**2 - 37711*u + 1856. What is g(-205)?
11
Let l(s) = -s**3 + 119*s**2 - 1586*s + 399. What is l(15)?
9